 = 3*k, -2*k + 2*w + 23 = 7. What is the units digit of k?
4
Suppose -102 = -5*m + 4*m. Suppose 2*r + 99 = 3*z - 0, -3*z + r = -m. What is the tens digit of z?
3
Let g(l) be the second derivative of l**3/3 - l**2 + 3*l. Let j be g(2). Suppose 0*m = -j*m + 90. What is the tens digit of m?
4
Let m = 11 + -8. Suppose -31 = -2*v + y, -7*v + 77 = -2*v - m*y. What is the units digit of v?
6
Let k = -86 - -194. What is the units digit of k?
8
Suppose -5*x + 19 - 4 = 0. Let m = 0 + 3. Suppose m*r - 5*a = 33, x*r + 3*a = 5*a + 33. What is the units digit of r?
1
Suppose 4724 = v - 3*f, 6*v - 7*v - 4*f + 4696 = 0. What is the tens digit of v?
1
What is the units digit of (-10006)/(-22) - (-4)/22?
5
Suppose 4*a - a = 3*v - 276, 266 = 3*v - 5*a. Let t = v - 42. What is the units digit of t?
5
Suppose 225 = 4*q - 5*c + 695, -5*q + 3*c = 581. Let o = -75 - q. Suppose -s - 2*b + 72 = s, 0 = -s + 3*b + o. What is the units digit of s?
7
Suppose -c + 861 = 3*w + 2*c, 2*w + 5*c = 586. What is the hundreds digit of w?
2
Suppose -4*o = -80 - 20. What is the units digit of o?
5
Suppose 32*d = 30*d + 120. What is the tens digit of d?
6
Let z(l) = 500*l + 971. What is the thousands digit of z(6)?
3
Suppose -3*p + 276 = 81. Let s be 2/(-6) - p/(-15). Suppose 0 = -a + s, 5*v + 117 = 5*a + 322. What is the tens digit of v?
4
Let o = 787 - 433. What is the tens digit of o?
5
Let m(j) = j**3 + j**2 + 6*j**2 - 6*j + 20 + j + 11*j**2. What is the units digit of m(-18)?
0
Suppose 22*d - 25*d - 5*v + 5003 = 0, -8329 = -5*d + v. What is the tens digit of d?
6
Let v(u) = u**3 - 3*u**2 + 0*u**3 - u**2 + 0*u**3 - 1. What is the tens digit of v(6)?
7
Let w(v) = v + 13. Let l be w(-5). Let o be 1478/l - (-2)/8. Suppose 0*i = -5*i + o. What is the tens digit of i?
3
Let z be (-2)/(12/9)*-46. Suppose 2*b - z - 5 = 0. Suppose -h + b - 9 = 0. What is the units digit of h?
8
Let k(w) = 6*w**3 + 15*w**2 + 35*w + 4. What is the hundreds digit of k(8)?
3
Suppose -2*p + f = -9, p = -0*p + 3*f + 7. Suppose -2*b = -0*b - p. Suppose -3*h + 95 = b*h. What is the units digit of h?
9
Let y(h) = 36*h**2 + 2*h + 2. Let b be y(-1). What is the units digit of 190/2*b/60?
7
Suppose -4*p + 9322 = -3*i, i - 2017 = -p + 317. What is the thousands digit of p?
2
Let a(t) = -t**2 - 11*t - 16. Let g be a(-8). Suppose 8*d - 4*d - g = 0. Suppose -4*x + 166 = 2*j, -3*x - d*j = -0*j - 125. What is the units digit of x?
1
Let t(v) = -v**3 - 4*v**2 - 12. Let l be t(-6). Suppose -l = -f + 5*f. Let x(q) = -q**3 - 16*q**2 - 19*q - 18. What is the units digit of x(f)?
2
Suppose p - 2*k = 2*k - 6, 3*p + 5*k - 16 = 0. Let m be (553/(-21))/(-3 + (-16)/(-6)). Suppose 5*a = v + 16 - 61, -p*v = a - m. What is the units digit of v?
0
Let c(j) = 20*j - 8. Let f(x) = -x**2 + 10*x - 5. Let p be f(9). Let b be c(p). Suppose 3*u = -0*u + b. What is the tens digit of u?
2
Let f(m) = 3*m**2 - 5*m + 3. Let l be f(3). What is the units digit of 3/l - (4854/5)/(-6)?
2
Let d be -3 + -2 + (-492)/3. Let f = -9 - d. What is the units digit of f?
0
Let o(u) = -5*u**2 + 6*u - 1. Let h(l) = -5*l - 2*l**2 + 3 - 1 + 6*l**2. Let x(n) = -6*h(n) - 5*o(n). What is the units digit of x(3)?
2
Suppose 2*z - d - 26 = 0, z + z + 4*d - 16 = 0. What is the tens digit of (-48)/11*-6 + z/(-66)?
2
Let k be -2 - 3/(1 + -4). Let l = 30 - 24. What is the units digit of ((-14)/4)/(k/l)?
1
Suppose 130 = 4*k - 5*b, 2*k - 27 = k + 4*b. Let j = 27 - k. What is the units digit of 29 - (j/4 + 4)?
7
Suppose 3*r = -2*c + 7*c + 20, 4*r + 2*c + 8 = 0. Suppose -3*x + 54 = -r*x. What is the tens digit of x?
1
Suppose 41 = -2*u + 155. What is the tens digit of (-33)/(-44) + u/4?
1
Suppose -5*i = 20*i - 33350. What is the tens digit of i?
3
Let y(b) be the third derivative of 0*b - 1/12*b**4 + 0 + 1/12*b**5 - 7/6*b**3 + 2*b**2. What is the tens digit of y(3)?
3
Suppose 13 = 3*m - 11. Let c(a) = -5*a + 29. Let g be c(5). Let w = m - g. What is the units digit of w?
4
Let s(d) = -3*d + 28. Let z be s(8). What is the tens digit of (-3 + 2)/(z/(-588))?
4
Suppose 3*m = -9, 5*m + 5 + 6 = -4*z. Let y(h) = 52*h - 4. What is the tens digit of y(z)?
4
Let c = 29 - 27. Suppose 2*y + 528 = 4*p, -p - y = -0*y - 126. Suppose -3*d + p = c*d. What is the units digit of d?
6
Let o = -11 + 34. Suppose 26*n - o*n - 27 = 0. What is the units digit of n?
9
Suppose 5*o + 3*h = -6, -2*o = o - h - 2. Suppose 5*x + 2*x - 441 = o. Suppose 213 = 3*g + x. What is the tens digit of g?
5
Suppose -5*v = -9*v + 144. Let b = v + -35. What is the units digit of b?
1
Let z = -1485 - -2468. What is the tens digit of z?
8
Let p(f) = f**3 - 12*f**2 - 37*f - 6. What is the units digit of p(17)?
0
Let i = 750 + -429. Suppose -b = b - 3*v - 165, 3*v = 4*b - i. What is the tens digit of b?
7
Let d(h) = -h**2 + 13*h + 3. Let x be d(14). What is the tens digit of 1*(37921/143 - (-2)/x)?
6
Suppose -2*s + 2623 = -5*a, 1515 - 6794 = -4*s - a. What is the tens digit of s?
1
Suppose 453 = f + 5*w, -5*f = -2*f - w - 1295. What is the tens digit of f?
3
Let n = 10 - 10. Let q be 4*-13 + 0 + n. Let t = q + 79. What is the tens digit of t?
2
Let q = -2 - 1. Let v be (1/q)/((-12)/2232). Suppose -3*k + 4*k - 20 = -s, 3*s - v = -k. What is the tens digit of s?
2
Suppose -4*r + k - 67 + 3204 = 0, 0 = 4*k - 12. What is the units digit of r?
5
Let s be 3/27*-3*0. Suppose f - 2*z - 76 - 84 = s, -4*z = 5*f - 772. What is the units digit of f?
6
Suppose -17 = -3*y - 0*y - 2*x, -y + 7 = x. Let s be 81/(-18)*(-2)/y. What is the units digit of (-85)/(-20) + s/4?
5
Let b = -193 - -378. What is the tens digit of b?
8
Let x(s) = 4*s**3 - 13*s**2 - 20*s - 12. Let b(h) = 5*h**3 - 13*h**2 - 20*h - 13. Let j(z) = 3*b(z) - 4*x(z). What is the tens digit of j(14)?
9
Let c = 1260 - 735. What is the units digit of c?
5
Let y = 530 + -253. What is the tens digit of y?
7
Let f(v) = v**3 - 5*v**2 - 18*v - 18. What is the hundreds digit of f(9)?
1
Let t be -3 + (23 - (-3 + -1)). Suppose 0 = 4*s + 4*y - t, 2*y = 2*s - y + 3. Suppose -20 = -s*m - 5*u, -5*m - 3*u + 54 = -5*u. What is the units digit of m?
0
What is the tens digit of 23030/(-105)*24/(-14)?
7
What is the tens digit of 841/3 - (-27)/(-81)?
8
Suppose 2*j - 8 = -0. Suppose 0 = 4*w + 3*c - 777, 570 = 3*w + j*c - 6*c. Suppose -4*o + w = -0*o. What is the tens digit of o?
4
Suppose -2866 = -18*r + 2822. What is the tens digit of r?
1
Let i be (-1 + (-98)/(-6))/((-2)/(-3)). What is the units digit of (-39)/(-5) - i/(-115)?
8
What is the tens digit of 757 - -4*28/16?
6
Let o = 3 + -4. What is the tens digit of (-76)/((10/o)/5)?
3
Suppose 0 = 5*i + a - 2*a - 5290, -4*a = 5*i - 5290. Suppose i = 7*j - 20. What is the hundreds digit of j?
1
Let x be -4 + 3 + -1 + (1 - -1). What is the tens digit of (-3)/9 + (x - 894/(-9))?
9
What is the thousands digit of (-8)/(9285/(-1326) + 7)?
3
Suppose 0 = 4*s - 2*s + 4*z - 50, -3*z = -2*s + 22. What is the tens digit of s?
1
Suppose -124 = -s + 28. Let f = -51 + s. What is the units digit of f?
1
Let r(n) = -96*n - 183. What is the tens digit of r(-9)?
8
Let r(l) = l**2 - 8*l + 3. Let g be r(8). Suppose 3*a - 51 = 3*b, 2*b - 57 = -g*a - b. What is the tens digit of a?
1
Let u(t) = -t**3 + 5*t**2 + 8*t - 8. Let h be u(6). Suppose -3*m - h*l + 155 = 0, -l + 145 = 3*m + l. What is the tens digit of m?
4
Suppose -12*q = -3101 - 24187. What is the hundreds digit of q?
2
Suppose 3*y - 16 = 2*j + 3*j, -j = 5. Let q(h) = 12*h**2 - h - 3. What is the hundreds digit of q(y)?
1
Let l(i) = -5*i - 23. Let d be l(-7). What is the tens digit of (-8)/d + (-86)/12*-4?
2
Let s be 19/7 + -1 + (-9)/(-7). Suppose 0 = s*l + 6*l - 396. What is the tens digit of l?
4
Let w be 115/25 - (-6)/15. Suppose 3*c - 9 + 24 = 0, 0 = w*n - c - 895. What is the tens digit of n?
7
Let o = 7 - 5. Let c be 420/54 + 4/18. What is the tens digit of (-455)/(-20) + o/c?
2
What is the tens digit of (140 + -19 + 9)*(-3)/(-2)?
9
Let h(y) = -y**3 - 10*y**2 - 7*y + 1. Let u be (-6)/(-9) - (-32)/(-3). Let a be h(u). Let d = -33 + a. What is the units digit of d?
8
Suppose -3*g + 231 = -3*d, -2*g + d + 140 = -13. What is the tens digit of g?
7
Suppose 4*s + 4 = 6*s. What is the tens digit of (s - 0)/(8/248)?
6
Let t(n) = -3*n - 5. Let d be t(-3). Suppose 0 = -3*j - 4*g + 79, -j = -d*j + 2*g + 109. What is t